the hundred thousands digit of 61334836?
3
What is the hundreds digit of 20960263?
2
What is the hundred thousands digit of 5368892837?
8
What is the millions digit of 3986178092?
6
What is the millions digit of 89689574?
9
What is the hundred thousands digit of 2617578401?
5
What is the hundred thousands digit of 86990789?
9
What is the tens digit of 1280387319?
1
What is the tens digit of 267526160?
6
What is the millions digit of 316435389?
6
What is the thousands digit of 95061739?
1
What is the hundred thousands digit of 972689590?
6
What is the hundred thousands digit of 92670889?
6
What is the tens digit of 2764650367?
6
What is the millions digit of 34258221?
4
What is the ten millions digit of 1425241229?
2
What is the ten thousands digit of 80309684?
0
What is the hundreds digit of 496979900?
9
What is the ten thousands digit of 145944722?
4
What is the ten thousands digit of 32446474?
4
What is the ten thousands digit of 472211833?
1
What is the millions digit of 145924434?
5
What is the thousands digit of 38305828?
5
What is the ten thousands digit of 109677431?
7
What is the units digit of 1599853?
3
What is the thousands digit of 4703201082?
1
What is the hundreds digit of 80175138?
1
What is the millions digit of 455912640?
5
What is the ten thousands digit of 537106077?
0
What is the ten millions digit of 1962482472?
6
What is the ten thousands digit of 1294535816?
3
What is the units digit of 33958270?
0
What is the tens digit of 180761731?
3
What is the hundred millions digit of 152513879?
1
What is the ten millions digit of 469864339?
6
What is the thousands digit of 121379483?
9
What is the millions digit of 1413599239?
3
What is the millions digit of 126947053?
6
What is the ten thousands digit of 3923778005?
7
What is the hundred thousands digit of 223665228?
6
What is the tens digit of 173627626?
2
What is the ten thousands digit of 253021200?
2
What is the ten millions digit of 76745120?
7
What is the hundred millions digit of 6710066189?
7
What is the ten thousands digit of 146811605?
1
What is the units digit of 3519333495?
5
What is the ten millions digit of 1122099225?
2
What is the hundred thousands digit of 47981812?
9
What is the ten millions digit of 814817766?
1
What is the millions digit of 76206365?
6
What is the millions digit of 2955455413?
5
What is the ten millions digit of 281149739?
8
What is the hundred thousands digit of 1562170?
5
What is the hundred millions digit of 659315866?
6
What is the ten thousands digit of 185884983?
8
What is the millions digit of 135702317?
5
What is the ten thousands digit of 121526934?
2
What is the hundred millions digit of 743275586?
7
What is the millions digit of 39366684?
9
What is the ten thousands digit of 122443757?
4
What is the units digit of 3842923003?
3
What is the hundred thousands digit of 92967258?
9
What is the ten millions digit of 891125990?
9
What is the tens digit of 48689488?
8
What is the hundreds digit of 1646993651?
6
What is the thousands digit of 131098631?
8
What is the millions digit of 102923980?
2
What is the hundreds digit of 670213495?
4
What is the thousands digit of 396043645?
3
What is the thousands digit of 788542437?
2
What is the thousands digit of 36564857?
4
What is the units digit of 1096611976?
6
What is the ten thousands digit of 303404081?
0
What is the ten millions digit of 63008540?
6
What is the hundreds digit of 1804292656?
6
What is the hundred thousands digit of 231658628?
6
What is the hundred thousands digit of 221072752?
0
What is the hundred thousands digit of 232004096?
0
What is the hundreds digit of 680996039?
0
What is the thousands digit of 990148598?
8
What is the thousands digit of 81940420?
0
What is the ten thousands digit of 57968790?
6
What is the tens digit of 37099437?
3
What is the thousands digit of 16779732?
9
What is the units digit of 709263175?
5
What is the units digit of 42928666?
6
What is the billions digit of 3132882442?
3
What is the ten thousands digit of 136129134?
2
What is the hundreds digit of 41365806?
8
What is the hundred millions digit of 316600423?
3
What is the tens digit of 121371719?
1
What is the thousands digit of 1625830182?
0
What is the hundred thousands digit of 238708608?
7
What is the hundred thousands digit of 438940444?
9
What is the ten millions digit of 40192160?
4
What is the units digit of 526477900?
0
What is the ten thousands digit of 515663053?
6
What is the thousands digit of 1817821703?
1
What is the hundred millions digit of 839335545?
8
What is the tens digit of 244406065?
6
What is the thousands digit of 42624879?
4
What is the tens digit of 109899698?
9
What is the ten thousands digit of 13312333?
1
What is the ten millions digit of 61890417?
6
What is the millions digit of 394784719?
4
What is the hundred thousands digit of 501813957?
8
What is the millions digit of 13847221?
3
What is the units digit of 2725358342?
2
What is the billions digit of 1695921955?
1
What is the thousands digit of 415767823?
7
What is the hundreds digit of 242352223?
2
What is the thousands digit of 16449790?
9
What is the hundred thousands digit of 418709182?
7
What is the units digit of 17709965?
5
What is the ten thousands digit of 803380904?
8
What is the ten millions digit of 1108097626?
0
What is the millions digit of 1091025713?
1
What is the units digit of 596993919?
9
What is the millions digit of 61080954?
1
What is the units digit of 64915690?
0
What is the billions digit of 2543314943?
2
What is the ten millions digit of 50726810?
5
What is the tens digit of 546102283?
8
What is the hundred thousands digit of 35112629?
1
What is the thousands digit of 62634883?
4
What is the units digit of 2089497899?
9
What is the hundred thousands digit of 132347014?
3
What is the millions digit of 3711469347?
1
What is the ten thousands digit of 88138431?
3
What is the ten millions digit of 234260129?
3
What is the millions digit of 79591121?
9
What is the hundred thousands digit of 199704852?
7
What is the ten millions digit of 24978940?
2
What is the ten thousands digit of 31843338?
4
What is the ten thousands digit of 28017262?
1
What is the thousands digit of 242760308?
0
What is the hundred thousands digit of 2686172748?
1
What is the ten millions digit of 211262648?
1
What is the hundred thousands digit of 389274812?
2
What is the billions digit of 4340506935?
4
What is the units digit of 129144846?
6
What is the hundred millions digit of 449726957?
4
What is the ten millions digit of 212641137?
1
What is the ten thousands digit of 3207424093?
2
What is the hundred millions digit of 702663750?
7
What is the billions digit of 7067318003?
7
What is the hundred thousands digit of 76666325?
6
What is the ten millions digit of 1214260006?
1
What is the ten millions digit of 41801175?
4
What is the millions digit of 92749203?
2
What is the units digit of 91649961?
1
What is the ten thousands digit of 43576871?
7
What is the units digit of 84290327?
7
What is the ten thousands digit of 1885221576?
2
What is the hundred thousands digit of 263215428?
2
What is the units digit of 46620662?
2
What is the thousands digit of 297247013?
7
What is the millions digit of 49698401?
9
What is the hundred millions digit of 5886624698?
8
What is the thousands digit of 69941269?
1
What is the millions digit of 110107131?
0
What is the hundred thousands digit of 17707597?
7
What is the units digit of 597195478?
8
What is the hundred millions digit of 198231922?
1
What is the tens digit of 70606076?
7
What is the tens digit of 117836486?
8
What is the thousands digit of 690178094?
8
What is the hundred thousands digit of 260783644?
7
What is the hundreds digit of 191883387?
3
What is the units digit of 41658397?
7
What is the tens digit of 918205998?
9
What is the thousands digit of 1908155778?
5
What is the ten millions digit of 40184386?
4
What is the hundred thousands digit of 47983654?
9
What is the thousands digit of 724005100?
5
What is the hundred thousands digit of 2879265441?
2
What is the hundred thousands digit of 5060417004?
4
What is the hundred millions digit of 417379814?
4
What is the millions digit of 455977793?
5
What is the millions digit of 164390701?
4
What is the billions